 67 = 2*t - 5*k. Calculate the highest common factor of 16 and t.
4
Let j = 158 - 30. Calculate the highest common factor of j and 32.
32
Let v(r) = r**3 - 11*r**2 - 8*r - 17. Let y be v(12). Let w be (y*2)/(-2 + 0). Let b = w - -91. Calculate the greatest common factor of b and 30.
30
Suppose -5*i = -29 - 6. Let s be (i + -1)/((-17)/(-34)). Calculate the greatest common factor of 96 and s.
12
Let l(o) = 8*o + 2. Let k be l(6). Let x = -6847 + 6867. Calculate the greatest common factor of x and k.
10
Suppose -13 = 5*p + 4*y, -y + 5 = 327*p - 323*p. Suppose 2*z - 38 = 76. Calculate the greatest common divisor of p and z.
3
Let g be (-1 + 4 - -3) + 0. Let q = g + -2. Calculate the highest common divisor of 12 and q.
4
Let v be 113 + (14 - 9) - (0 + 1). Calculate the greatest common divisor of 91 and v.
13
Let i = -66 - -62. Let l be (0 + 9)*i/(-6). Calculate the greatest common factor of 33 and l.
3
Suppose -5*g + 84 = -g. Let d = g - 15. Suppose -b + d = 5*y - 9, -3*b = 0. Calculate the highest common factor of 33 and y.
3
Suppose 9*s = 7*s + 134. Let n = s - 64. What is the highest common divisor of 6 and n?
3
Suppose -18*g = -594 - 270. What is the highest common factor of g and 200?
8
Let p be 8/20*15*1. Let m be (0/1 + 0)/1. Suppose 0 = -4*v - m*v + 24. What is the highest common factor of v and p?
6
Suppose 6*p + 6*p = 7344. What is the greatest common factor of p and 17?
17
Let q(v) = 5*v**2 + 11*v + 28. Let n be q(-3). Let p(c) = -17*c - 8. Let h be p(-4). Calculate the highest common factor of h and n.
20
Let x be 4 - (4/(-4) + 1). Suppose -x*l + 19 + 37 = 0. Calculate the highest common factor of 14 and l.
14
Let n be -3 + (-2 + -2)/(-4). Let k = n + 0. Let f be (6/(-3))/(k/16). Calculate the highest common factor of 144 and f.
16
Let s = -1908 - -1930. What is the highest common divisor of s and 26?
2
Let l(i) = -i**3 + 5*i**2 - 7*i + 8. Let x be l(4). Let k be (-57)/x - (-3)/(-12). Calculate the highest common factor of 21 and k.
7
Let u(i) = -i**3 - 6*i**2 + 2*i - 15. Let b be u(-7). What is the greatest common divisor of b and 110?
10
Suppose 0 = 3*m + 4*g - 0*g - 7, 5*g = 5*m. Let h be (m - -1) + 17 + -4. Calculate the greatest common divisor of h and 3.
3
Let j be (-4)/(-2) + -3*(-24)/4. What is the greatest common divisor of 360 and j?
20
Suppose -v = q - 13, 0 = 51*q - 54*q + 9. Calculate the highest common factor of 95 and v.
5
Let b be -1 - 3/(-1) - -4. Let x be 15/5 + 16 + -7. What is the greatest common divisor of b and x?
6
Suppose -2*f + 5*f - 162 = 5*v, 0 = -4*f + 4*v + 208. What is the highest common divisor of 7 and f?
7
Let b(o) = 0 + 11*o**2 - 2 - 4*o**2 + o. Let m be b(-2). What is the highest common factor of m and 264?
24
Suppose 8*m + 10*m = 2898. What is the greatest common divisor of 7 and m?
7
Suppose -5*y + 4*k - 24 = -715, 5*k - 385 = -3*y. Let a be 20*(-5)/((-100)/y). What is the greatest common factor of 15 and a?
15
Let a(o) = -10*o**3 + 4*o**2 + 9*o**3 + 2*o**3 + 7 - 6*o. Let u be a(-5). What is the highest common divisor of 18 and u?
6
Let d(b) = -b**3 - 29*b**2 + b + 158. Let t be d(-29). Calculate the highest common divisor of t and 1.
1
Suppose 4*q = 4*j - 88, -3*j + 106 = -0*q + 5*q. Suppose v + j = 5*g, 14 = -3*g + 7*g + 3*v. What is the highest common factor of 15 and g?
5
Suppose -94*a + 120 = -92*a. Suppose 2*q - 4*o - 1 - 27 = 0, 4*o + 4 = 0. Calculate the highest common divisor of q and a.
12
Suppose 14*i = -14*i + 560. Suppose g - 2*g + 20 = 0. What is the highest common divisor of g and i?
20
Let r(b) = b**3 - 42*b**2 - 81*b - 292. Let m be r(44). Calculate the highest common factor of m and 912.
16
Let h(k) = -22*k - 1. Let x be h(-3). Let y = 140 + -114. What is the greatest common factor of x and y?
13
Let w = 130 + -88. Let x(v) = 96*v - 370. Let c be x(4). Calculate the greatest common factor of c and w.
14
Let d be 4/14 + (-5)/((-35)/12). Suppose -3*n - 3 + 9 = 0, d*n = p - 13. Calculate the greatest common divisor of 85 and p.
17
Let x = 48 - 42. Let g(m) = 7*m + 208. Let o be g(-28). Calculate the greatest common factor of o and x.
6
Suppose -z + 14 = h, 4*z - 37 = -49. Calculate the highest common factor of 1853 and h.
17
Let p be -9*4/(-6)*(-2)/(-3). What is the highest common factor of p and 136?
4
Let s be 13/(-2 - -7 - (3 - -1)). What is the highest common factor of 1170 and s?
13
Let h = -165 + 117. Let o = -36 - h. What is the greatest common divisor of 108 and o?
12
Let g = -27 + 31. Suppose 0 = -g*n - n + 320. Calculate the highest common factor of 160 and n.
32
Let u(p) = p**3 - 8*p**2 + 5. Let v be u(8). Suppose 5*g - 2*w = -4*w + 418, 5*w + v = 0. Let n = -541 + 553. Calculate the greatest common factor of n and g.
12
Let u = 50 - 45. Suppose -5*q - 37 - 18 = -u*f, -4*q = 2*f - 22. Calculate the highest common divisor of 77 and f.
11
Let y be (2 - (-30)/(-8))*-4. Let i(p) = 6*p**2 + 9*p + 8. Let a be i(-2). Calculate the highest common divisor of y and a.
7
Let v be (8/3)/(2/3). Suppose 72 = -3*u + v*u. Calculate the greatest common factor of 9 and u.
9
Let k(b) = -23*b - 66. Let g be k(-4). Calculate the highest common factor of 91 and g.
13
Suppose -5*y = 5*d + 200 - 1075, 3*y - 5*d - 493 = 0. Suppose -5*h - 3*s + y = 0, -4*s + 3*s - 147 = -4*h. What is the greatest common factor of h and 12?
12
Let r = -1290 - -1302. What is the highest common divisor of 2040 and r?
12
Let k(i) = -54*i - 230. Let m be k(-5). Calculate the greatest common divisor of m and 25.
5
Let r = -125 - -145. What is the greatest common divisor of r and 110?
10
Suppose -277 - 23 = -5*j. Suppose -50 = 7*l - 17*l. Suppose l*u - 2*f = -f + 123, 2*u - 51 = f. Calculate the greatest common factor of u and j.
12
Suppose 20*b - 5*b - 180 = 0. Let t be ((-6)/(-3) - 0) + 0. Suppose 16 + 56 = t*g. What is the highest common factor of b and g?
12
Suppose 0 = z + 5*c - 84, 0 = 5*z - 3*z + 5*c - 148. Calculate the highest common factor of 40 and z.
8
Let j(q) = 3*q**2 + 5*q - 7. Let p be j(-5). Suppose 2*n + 0*v + 5*v = p, -3*v = -3*n + 54. What is the highest common factor of n and 323?
19
Let o = 5105 + -2958. What is the highest common factor of o and 19?
19
Suppose 41*l - 36*l = 0. Suppose -8*v + 8 = -l*v. What is the greatest common factor of 1 and v?
1
Let a(x) = 6*x**2 + 4*x - 3. Let n be a(2). Suppose -24*m - 115 = -n*m. Calculate the greatest common divisor of 253 and m.
23
Let s = -44 + 155. Let t = s - 27. What is the greatest common factor of t and 21?
21
Suppose -2*v + 4*h - 2*h - 6 = 0, 0 = 2*v + 4*h - 18. Let o(w) = 8*w**2 - w. Let t be o(v). Calculate the highest common divisor of t and 28.
7
Suppose -u + 5*h + 76 = 0, -4*u = 2*h - 72 - 188. Let m(a) = -44*a + 517. Let o be m(8). Calculate the highest common factor of u and o.
33
Let a be 112/(168/12)*26/8. Let l(c) = 53*c - 1. Let q be l(1). Calculate the highest common divisor of q and a.
26
Let w be (4/5 + -2)/(1/(-10)). Suppose -o = -5*p - 79, -4*o + 4*p = -o - 248. What is the highest common factor of o and w?
12
Let a(u) = -u**2 + 3*u + 2. Let n be a(4). Let k be 15*n + (7 - 5). Let c = 43 + k. Calculate the greatest common factor of c and 5.
5
Let m = 119 + -113. Suppose 9*f = m*f + 21. What is the greatest common divisor of 35 and f?
7
Let k(x) = x + 6. Let w be k(0). Suppose 0 = w*f - 198 - 102. Calculate the greatest common factor of f and 5.
5
Let n = 6 + 11. Let w be 226/4 + n/34. What is the highest common factor of w and 19?
19
Suppose 0 = 25*x - 8*x - 3094. Calculate the greatest common divisor of x and 14.
14
Suppose 72*g = 55*g + 153. Suppose 3*t - 10 = 11. Suppose 0*o - 4*o = -2*s + 70, s + 5*o - t = 0. What is the greatest common factor of s and g?
9
Let f(z) = 8*z**2 - 8*z + 6. Let q(u) = -5*u + 23. Let c be q(4). Let t be f(c). Calculate the greatest common factor of 36 and t.
18
Let t be (2/3)/(5/15). Suppose 0*p + 238 = t*l + 2*p, -4*l + p + 466 = 0. What is the highest common divisor of 13 and l?
13
Suppose -d + 12 = -0*d. Suppose -3*a - 3 = -0. Let y be (-5 + -2)/(-1) - a. Calculate the greatest common factor of d and y.
4
Let y(x) = -13*x - 17. Suppose 5*w + 15 = 0, -4*w + 14 + 29 = -5*p. Let g be p/22*(-2 + 12). Let b be y(g). Calculate the highest common factor of 24 and b.
24
Let y = 9 - 5. Suppose -8*l + 9*l +